{"id":890,"date":"2021-04-12T17:11:14","date_gmt":"2021-04-12T20:11:14","guid":{"rendered":"https:\/\/physical.ind.br\/?post_type=product&#038;p=890"},"modified":"2021-04-16T14:12:14","modified_gmt":"2021-04-16T17:12:14","slug":"relogio-smart-watch","status":"publish","type":"product","link":"https:\/\/physical.ind.br\/index.php\/produto\/relogio-smart-watch\/","title":{"rendered":"Rel\u00f3gio  Smart Watch"},"content":{"rendered":"<p>Com linhas modernas e elegantes, o Smart Watch \u00e9 muito mais que um rel\u00f3gio: \u00e9 um companheiro que ajuda vc a conhecer o melhor do seu corpo e te ajuda a corrigir maus h\u00e1bitos que s\u00e3o nocivos a sua sa\u00fade.<\/p>\n<p>\u2714 Sistema compat\u00edvel com Android 4.2 e acima do iOS 8.0<br \/>\n\u2714 \u00a0Aplicativo para celular dispon\u00edvel para download<br \/>\n\u2714 \u00a0Ped\u00f4metro : Calcula a distancia percorrida<br \/>\n\u2714 \u00a0Monitor de Frequ\u00eancia card\u00edaca<br \/>\n\u2714 \u00a0Calcula a queima de calorias<br \/>\n\u2714 \u00a0Monitor de press\u00e3o arterial<br \/>\n\u2714 \u00a0Monitor de Sono<br \/>\n\u2714 \u00a0Agite o rel\u00f3gio para tirar foto com o celular a distancia<br \/>\n\u2714 \u00a0Alerta para satura\u00e7\u00e3o de oxig\u00eanio no sangue<br \/>\n\u2714 \u00a0Lembrete sobre comportamento sedent\u00e1rio<\/p>\n<p>&nbsp;<\/p>\n","protected":false},"excerpt":{"rendered":"<p>Com linhas modernas e elegantes, o Smart Watch \u00e9 muito mais que um rel\u00f3gio: \u00e9 um companheiro que ajuda vc a conhecer o melhor do seu corpo e te ajuda a corrigir maus h\u00e1bitos que s\u00e3o nocivos a sua sa\u00fade. \u2714 Sistema compat\u00edvel com Android 4.2 e acima do iOS 8.0 \u2714 \u00a0Aplicativo para celular &hellip;<\/p>\n<p class=\"read-more\"> <a class=\"\" href=\"https:\/\/physical.ind.br\/index.php\/produto\/relogio-smart-watch\/\"> <span class=\"screen-reader-text\">Rel\u00f3gio  Smart Watch<\/span> Leia mais &raquo;<\/a><\/p>\n","protected":false},"featured_media":922,"template":"","meta":{"_monsterinsights_skip_tracking":false,"_monsterinsights_sitenote_active":false,"_monsterinsights_sitenote_note":"","_monsterinsights_sitenote_category":0},"_links":{"self":[{"href":"https:\/\/physical.ind.br\/index.php\/wp-json\/wp\/v2\/product\/890"}],"collection":[{"href":"https:\/\/physical.ind.br\/index.php\/wp-json\/wp\/v2\/product"}],"about":[{"href":"https:\/\/physical.ind.br\/index.php\/wp-json\/wp\/v2\/types\/product"}],"wp:featuredmedia":[{"embeddable":true,"href":"https:\/\/physical.ind.br\/index.php\/wp-json\/wp\/v2\/media\/922"}],"wp:attachment":[{"href":"https:\/\/physical.ind.br\/index.php\/wp-json\/wp\/v2\/media?parent=890"}],"curies":[{"name":"wp","href":"https:\/\/api.w.org\/{rel}","templated":true}]}}