{"id":455,"date":"2021-07-28T20:32:33","date_gmt":"2021-07-28T23:32:33","guid":{"rendered":"https:\/\/physical.ind.br\/?post_type=product&#038;p=455"},"modified":"2021-08-19T11:07:02","modified_gmt":"2021-08-19T14:07:02","slug":"kit-de-massagem-rest","status":"publish","type":"product","link":"https:\/\/physical.ind.br\/index.php\/produto\/kit-de-massagem-rest\/","title":{"rendered":"Kit de massagem Rest"},"content":{"rendered":"<div style=\"width: 1920px;\" class=\"wp-video\"><!--[if lt IE 9]><script>document.createElement('video');<\/script><![endif]-->\n<video class=\"wp-video-shortcode\" id=\"video-455-1\" width=\"1920\" height=\"1080\" autoplay=\"1\" preload=\"auto\" controls=\"controls\"><source type=\"video\/mp4\" src=\"https:\/\/physical.ind.br\/wp-content\/uploads\/2021\/07\/001-Phisical-REST-alta.mp4?_=1\" \/><a href=\"https:\/\/physical.ind.br\/wp-content\/uploads\/2021\/07\/001-Phisical-REST-alta.mp4\">https:\/\/physical.ind.br\/wp-content\/uploads\/2021\/07\/001-Phisical-REST-alta.mp4<\/a><\/video><\/div>\n<p>\u2714 Display em Led<br \/>\n\u2714 25 Fun\u00e7\u00f5es de massagem<br \/>\n\u2714 Sele\u00e7\u00e3o de tempo<br \/>\n\u2714 Controle da Pot\u00eancia<br \/>\n\u2714 Sele\u00e7\u00e3o de pontos de massagem<br \/>\n\u2714 Bilateral ( seleciona o lado da massagem)<br \/>\n\u2714 Energia Bioqu\u00e2ntica<br \/>\n\u2714 Cromoterapia<br \/>\n\u2714 Op\u00e7\u00e3o de 8 ou 16 motores para colch\u00e3o Casal<\/p>\n<p><strong>Principais aplica\u00e7\u00f5es:<\/strong><\/p>\n<p><img loading=\"lazy\" class=\"alignnone wp-image-622\" src=\"https:\/\/physical.ind.br\/wp-content\/uploads\/2021\/04\/3-300x298.png\" alt=\"\" width=\"148\" height=\"127\" \/><\/p>\n","protected":false},"excerpt":{"rendered":"<p>\u2714 Display em Led \u2714 25 Fun\u00e7\u00f5es de massagem \u2714 Sele\u00e7\u00e3o de tempo \u2714 Controle da Pot\u00eancia \u2714 Sele\u00e7\u00e3o de pontos de massagem \u2714 Bilateral ( seleciona o lado da massagem) \u2714 Energia Bioqu\u00e2ntica \u2714 Cromoterapia \u2714 Op\u00e7\u00e3o de 8 ou 16 motores para colch\u00e3o Casal Principais aplica\u00e7\u00f5es:<\/p>\n","protected":false},"featured_media":448,"template":"","meta":{"_monsterinsights_skip_tracking":false,"_monsterinsights_sitenote_active":false,"_monsterinsights_sitenote_note":"","_monsterinsights_sitenote_category":0},"_links":{"self":[{"href":"https:\/\/physical.ind.br\/index.php\/wp-json\/wp\/v2\/product\/455"}],"collection":[{"href":"https:\/\/physical.ind.br\/index.php\/wp-json\/wp\/v2\/product"}],"about":[{"href":"https:\/\/physical.ind.br\/index.php\/wp-json\/wp\/v2\/types\/product"}],"wp:featuredmedia":[{"embeddable":true,"href":"https:\/\/physical.ind.br\/index.php\/wp-json\/wp\/v2\/media\/448"}],"wp:attachment":[{"href":"https:\/\/physical.ind.br\/index.php\/wp-json\/wp\/v2\/media?parent=455"}],"curies":[{"name":"wp","href":"https:\/\/api.w.org\/{rel}","templated":true}]}}